 + 8 + (18 - 35).
-9
What is the value of 17 + (5 - 19) - 20?
-17
What is 3 + 0 - (-1 - -1) - (-122 + 131)?
-6
Calculate -7 + (0 - 1) + (38 - 43) - -4.
-9
What is 1 + -6 + (-11 + 5 - 0)?
-11
4 - (42 + -7 - 25)
-6
Evaluate -5 - -6 - (-7 + 5 + -11 + 3).
11
Evaluate (-2 - (-2 + 0)) + -75 + 67 + 6.
-2
What is the value of 2 - (-77 - (3 - 50))?
32
Evaluate 4 - (-13 + (6 - -21)).
-10
7 + (-10 - (5 + 6 + -4 + 12))
-22
Evaluate 39 - (59 + -30) - (-3 - -1).
12
What is (4 - ((23 - -4) + -4)) + 7 + 1?
-11
What is the value of 19 - ((1 - 0) + 0 + (11 - 5))?
12
What is -52 - (8 - (73 + -31))?
-18
What is the value of 27 + -16 + -7 + 10?
14
Calculate -5 + (-5 - (-3 + -2) - -9).
4
(3 - 7 - (0 - 2)) + -27 + 1
-28
Evaluate 9 + (-8 - 3) - 4.
-6
1 + (6 + 1 - 1 - 17)
-10
What is the value of 63 + -50 + -2 + 16?
27
Calculate (-12 - (-4 + -1)) + 16.
9
Evaluate 2 + 10 + (22 - 56) + 5.
-17
What is 3 + -9 + 5 + (-9 - 0) + 9?
-1
What is (7 - -5) + -13 + 4 - -4?
7
Calculate -23 - (-22 + 18 + -31).
12
What is the value of (2 - 0) + -7 + (0 - (-2 - 3))?
0
What is (-9 - 1 - (45 + -44)) + 7?
-4
Calculate 8 - 21 - (-68 + 42).
13
Calculate 5 - (-3 - (-12 + -4 + 9 + 2)).
3
What is 30 + (-3 - 34 - -7)?
0
Evaluate -5 + -15 + 12 - 11 - -10.
-9
What is the value of (-1 + 1 - (-29 - -1)) + (25 - 34)?
19
What is -4 - (13 - ((-8 - -4) + 12))?
-9
What is the value of (0 - -2) + 439 + -446?
-5
What is the value of (-13 - (12 - (16 - 12))) + 0 + 7?
-14
(60 - 74) + (6 + 2 - (0 + 3))
-9
-1 - 25 - ((11 - (-14 + 39)) + 5)
-17
Evaluate (-85 - -129) + -52 + (37 - -1).
30
What is the value of 6 + (1 - 8) + 30?
29
Calculate -10 + -4 + 23 + -29.
-20
Calculate ((-12 - -9) + 13 - 8) + (-6 - -3).
-1
Calculate 138 + -134 + (24 - (3 + -3 - 3)).
31
Calculate (0 - 1 - 2) + (75 - 78) + -7.
-13
What is (-58 - -39) + -5 + 7?
-17
Evaluate 12 + (-28 - -7) - -8.
-1
What is the value of (-1 - 31 - -2) + -15 + 55 + -34?
-24
What is (8 - (3 + 4)) + 0 + 0?
1
What is the value of 6 - 15 - (26 - (8 + 15))?
-12
What is -26 - (-18 + 2 + 5)?
-15
Calculate 0 + 24 + -10 - 3.
11
What is the value of 4 + (46 - 46) + -2 + 8 + 0?
10
What is -6 + (3 - -4) + -8 + -1?
-8
What is 37 + -80 + 70 - 42?
-15
Evaluate 29 + -25 - (-7 - -3).
8
-2 - (9 + -7) - 5
-9
Evaluate (3 - 14) + 22 + -16 - 17.
-22
What is -7 + 13 + -19 + 1?
-12
What is the value of 11 - (4 + 5 + 5)?
-3
What is the value of -1 + 1 + -1 + -7?
-8
What is -31 + (12 - 2) - (2 - (-1 + 3))?
-21
What is (21 - 25) + (23 - 9) + 9?
19
1 + 10 + -20 + 1 + 6 + 2
0
What is the value of (-13 - -7) + 15 - (2 + (-2 - 2))?
11
16 - (6 - (17 - 24))
3
What is the value of -81 + 88 - (-8 + 3 - 6)?
18
What is 4 - -3 - -7 - (0 + 0 + 0)?
14
Evaluate 2 + 20 + -21 - 13.
-12
-17 - (103 - 115 - (1 - 8))
-12
Evaluate -3 - 4 - (-4 - 2) - (6 - 5).
-2
Calculate (34 - 2) + (-13 - -42 - 38).
23
Calculate 15 + (-4 - -2) + -12.
1
(11 - -19 - 12 - 19) + 34
33
Calculate 207 - 181 - (21 + 0 - 4).
9
Calculate (-43 - -37 - (-10 + 4 + -1)) + -23.
-22
Calculate (-13 - ((-5 - 2) + 13 + -4)) + 1.
-14
What is the value of (-2 - -1 - (-24 + 8 - -15)) + -15?
-15
-18 + 3 + 11 + -11
-15
What is -1 - (-7 - (-32 - (-15 - -9 - -4)))?
-24
What is (9 - -8) + 1 - 4?
14
What is 10 - (8 + (-7 - (2 + -2)))?
9
What is the value of -2 + (0 - 6) + 10 - -5?
7
Evaluate (49 - 58) + -2 + 2.
-9
What is the value of (-4 - -14) + -4 + 10 + -28?
-12
-7 + (1 - (-13 + 14))
-7
Evaluate -13 + (3 - 4 - (2 - 0)) + 7.
-9
12 - (3 + -3) - 9 - (-7 + 3)
7
What is the value of (0 - -1 - -4) + 5 + -12?
-2
Calculate -9 + 9 + 0 + 8 + (-12 - 5).
-9
What is 1 + 2 + -3 - (32 + -89 - -25)?
32
What is the value of -28 + 35 + 26 + -24?
9
Calculate (9 + 0 - (-165 - -161)) + -8.
5
What is 5 + -28 + 29 - -20?
26
14 + (-2 - (-16 + 8 - -9))
11
-3 - (2 - (6 + -8 + -4))
-11
What is the value of 0 - (0 + 3) - (10 - 5)?
-8
Evaluate (27 - -21) + -38 - (0 + 3 - -19).
-12
What is -4 + 1 - (18 + -34 - 14 - -15)?
12
What is the value of 64 + -43 + -13 + 2?
10
Evaluate 31 - (-45 + 15 + 38).
23
Evaluate 0 - -5 - (-4 - ((-8 - -14) + -6)).
9
What is (1 - (4 + (6 - 15))) + (1 - 1)?
6
Evaluate (5 - (17 + -14)) + 7.
9
What is the value of -15 + 17 - (34 - 21)?
-11
-21 - -26 - (-4 + -2 + 6 + 6)
-1
What is the value of (-44 - 1) + -991 + 1054?
18
-70 + 15 + 23 - -8
-24
Evaluate 15 + 12 + -12 + -50.
-35
What is 7 - 0 - (42 + (-14 + 2 - 10))?
-13
Calculate (2 - -4) + 6 - (31 + -38).
19
What is -17 + (-12 - -17) + -1 - -6?
-7
What is (0 - 4) + (33 - (20 - 14)) - 4?
19
Evaluate 0 - ((21 - (-5 - -26)) + -4 + -1).
5
6 + -1 - (-5 + (-28 - -34))
4
Evaluate 19 - (49 - (-1 - -9)).
-22
5 - (50 + -33) - (-3 - 1)
-8
What is 3 - (7 - -3) - (-21 - 1) - 1?
14
What is 1 - (5 + -1) - (14 + -6 - 5)?
-6
What is -27 + 34 - (-2 - 2 - -2 - 16)?
25
-1 + 4 - (-886 - -888)
1
Evaluate 0 + (3 - 0) + 2 + -12.
-7
Evaluate -6 - (-12 + -5 + -2) - (5 + 2).
6
Calculate 9 + (-3 + 12 - 8) + (-8 - -3).
5
What is -9 + 11 + (1 - 9)?
-6
0 + (-2 - (-4 + -16)) + 8 + -9
17
What is the value of (-8 - (-9 - -7)) + 11 - (-2 + 1)?
6
Calculate -18 - (-3 - (-11 + -4 + 15 + -7)).
-22
Evaluate 12 + 0 - (-1 + -1 + 3).
11
What is -92 + 101 + -17 + -3?
-11
Calculate 2 - (24 + -8) - -6.
-8
(2 - 1) + (-46 + 45 - 6)
-6
What is the value of -35 - (17 - 31) - -4?
-17
(-77 - -87) + (-1 + 2 + -1 - 3)
7
Evaluate 6 + 2 - (3 - (13 + -2 - 11)).
5
Calculate -21 + 24 + (-11 - (6 + -5)).
-9
Calculate 13 + -7 + (0 - -3) + -13 - -14.
10
Calculate (2 + 8 - (-15 + 5)) + -9.
11
Evaluate 28 + (-12 - 13) + -23.
-20
36 + (205 + -212 - (3 + 1))
25
What is 5 + 3 + -3 - (6 + -7 + 16)?
-10
Evaluate 1 + -1 + 0 - 2 - (146 + -151).
3
Evaluate (-33 - -39) + (-5 - 2).
-1
Calculate 21 - (64 + -30 - 7).
-6
What is -3 - 31 - ((14 - 27) + 5 - -1)?
-27
What is -23 + 39 + -48 - -6?
-26
Calculate 14 - (-7 + (8 - 7) + -6 + 8).
18
What is -5 + 0 + 15 + (0 - 0)?
10
What is (6 - (-4 + 6 + 2) - 16) + 5?
-9
Evaluate (-2 - (2 - 0)) + -23 + 31 - 6.
-2
What is 15 - 1 - (-52 + 23 - -37)?
6
25 - (15 - (-24 - -11))
-3
What is the value of 2 + -7 + -7 + 26?
14
Evaluate 38 + -58 + 17 + 14 + 3.
14
What is (14 - 8) + (-3 - 6) + -2 + 3?
-2
What is the value of -20 + 12 + -13 + 5 + 1?
-15
What is the value of -4 - ((-2 + 2 - 8) + -2 + 6)?
0
-9 + -3 + 3 + -6 + 0
-15
What is 1 + (3 - 12) - -7?
-1
What is the value of 0 + 4 + -2 - (-44 - -38 - 13)?
21
What is the value of (-20 - (-7 - 14)) + -2?
-1
What is the value of -17 + 31 + 7 + -17?
4
What is the value of (31 - -1) + -6 + 4 + -2 + -2?
26
Calculate (0 - (-14 + 6)) + 15 - 7.
16
Calculate (31 - 22) + (-3 - (-18 - (-3 - 3))).
18
What is the value of -4 - -1 - (1 + (4 - (5 + -10)))?
-13
What is -4 + -7 + -14 + 30?
5
Calculate -6 + -17 + 24 - (-2 + 3 - 2).
2
(-65 - 3) + 31 + 63
26
What is the value of 10 + (3 - (10 + -3 - 8)) + 0?
14
What is the value of (-27 - -33 - (-3 + 0 + 16)) + 21?
14
What is (-7 + -1 + 13 - 17) + 7?
-5
What is -26 + 4 + 0 + -187 + 201?
-8
Calculate (-25 - 2) + -22 + 5 + 27.
-17
Calculate -42 - (-24 + 32 + -35).
-15
-18 - (-58 + (11 - 2) + 7)
24
(169 - 179) + (4 - -2) + -5
-9
What is (-18 - (11 - 33)) + 7 + 1?
12
What is -11 + 8 + 20 + (7 - 23)?
1
Evaluate -11 + 0 + 5 + (13 - 0) - 17.
-10
Evaluate (0 - -7) + (209 - 242).
-26
What is (-2 - 3) + (11 - (14 - 6))?
-2
Evaluate -1 + 1 - (57 + (-52 - 7)).
2
-124 - -153 - (1 + 20)
8
What is the value of 1 + (-9 - (-9 + (-17 - -49)))?
-31
Calculate 4 + (18 - (8 - -2)).
12
What is the value of -17 - (-25 + -17) - 6 - 16?
3
Evaluate -228 - -240 - ((1 - -3) + 3).
5
Calculate 4 - 6 - 0 - -4 - (-11 - -20).
-7
Evaluate -35 - ((2 - 13) + (-18 - (-3 - 14))).
-23
(9 - (8 - (-4 - -2))) + -5
-6
(1 - 5) + -1 + (-16 - -14) + -2
-9
6 + 1 + (-15 - -6 - -7)
5
What is (-16 + 7 - (-10 + 5)) + 6 + -30?
-28
Calculate 9 + (1 - 8) - -3 - -9.
14
Evaluate (19 - 15) + (3 - 7) + -5.
-5
Evaluate 1 - (22 - (7 - -5)) - 9.
-18
What is the value of -42 - (23 - (-41 + 81))?
-25
Calculate 8 + (25 - 11) + -5 + 1.
18
Calculate -27 - (-2 + 3 - (12 - 4)).
-20
Calculate 9 + -24 + 9 - (-6 - 1).
1
Calculate -16 + (6 - -2) - 3.
-11
What is the value of -10 - (-4 - (2 + 13)) - (-3 - 0)?
12
Calculate 31 + (6 + 5 + -2 - 12 - -2).
30
What is 4 - (11 - (12 - 5 - 3))?
-3
What is 1 + 25 - (-72 - -96)?
2
Calculate 10 + (17 - 18) - (-3 + 1) - 2.
9
What is the value of -20 - (-4 - 10) - 8?
-14
What is the value of -4 +